3?
False
Is 10548682 even?
True
Is 283412084 a multiple of 71?
False
Is 67296252 a multiple of 35?
False
Does 517 divide 48883901?
True
Is 17 a factor of 32238436?
False
Does 10 divide 225969401?
False
Is 193 a factor of 146044065?
True
Is 3 a factor of 21291120?
True
Is 596064 a multiple of 159?
False
Is 3053576678 a multiple of 22?
False
Is 42 a factor of 9796038?
True
Is 4 a factor of 963193050?
False
Is 30 a factor of 645030761?
False
Is 30 a factor of 204269523?
False
Is 133 a factor of 437677597?
True
Does 903 divide 1964089?
False
Is 16114447 a multiple of 36?
False
Does 28 divide 2344607?
False
Is 206626842 a multiple of 186?
True
Does 4 divide 527684316?
True
Does 2665 divide 238083425?
False
Is 17760855 a multiple of 105?
True
Does 2051 divide 282236059?
True
Is 73 a factor of 13621435?
True
Is 163 a factor of 90371438?
True
Is 67989580 a multiple of 259?
False
Is 108364750 a multiple of 325?
True
Is 135 a factor of 19505005?
False
Does 179 divide 608569315?
False
Is 16 a factor of 14320215?
False
Is 12 a factor of 69462426?
False
Is 471 a factor of 18774252?
False
Is 15763293 a multiple of 6?
False
Does 1058 divide 84041673?
False
Does 451 divide 1141055609?
False
Is 92 a factor of 1158827191?
False
Is 3037314 a multiple of 17?
False
Is 30 a factor of 300166469?
False
Is 24443250 a multiple of 250?
True
Is 174628770 a multiple of 15?
True
Is 371 a factor of 87503318?
True
Does 9 divide 102686022?
True
Is 67 a factor of 802882?
False
Is 97 a factor of 4573836176?
False
Is 45199580 a multiple of 11?
False
Is 22 a factor of 638624140?
True
Does 1088 divide 4190976?
True
Does 894 divide 1889198572?
False
Is 40599380 a multiple of 881?
False
Is 7 a factor of 219489136?
False
Is 5 a factor of 1575482?
False
Is 327118554 a multiple of 37?
True
Is 26732797 a multiple of 12?
False
Does 934 divide 263298687?
False
Is 794812304 a multiple of 286?
True
Is 29 a factor of 74544002?
False
Is 1628598796 a multiple of 44?
True
Is 393 a factor of 504224508?
False
Does 150 divide 305329196?
False
Is 5 a factor of 417529?
False
Is 275 a factor of 82797825?
True
Is 4 a factor of 1837554?
False
Is 2959853518 a multiple of 6397?
True
Does 1490 divide 1721530384?
False
Is 14046504 a multiple of 759?
False
Is 17856650 a multiple of 5?
True
Does 6 divide 115001450?
False
Does 10 divide 32169640?
True
Is 1655337574 a multiple of 1778?
False
Does 6 divide 43496826?
True
Is 1975231646 a multiple of 4594?
True
Does 168 divide 2350481672?
False
Is 7 a factor of 33327511?
True
Does 21 divide 1743251601?
True
Is 11290 a factor of 547248880?
True
Is 41637959 a multiple of 19?
False
Is 291 a factor of 1506395838?
True
Does 84 divide 255504732?
True
Is 96703303 a multiple of 551?
False
Is 15 a factor of 13094587?
False
Is 336 a factor of 94281746?
False
Is 163 a factor of 398093436?
False
Does 26 divide 407368182?
True
Is 246 a factor of 873379379?
False
Is 1369980 a multiple of 86?
True
Does 235 divide 98799769?
False
Does 4 divide 24467330?
False
Does 12 divide 37728480?
True
Is 1241911760 a multiple of 40?
True
Does 2892 divide 86406752?
False
Is 3409 a factor of 124050101?
True
Does 42 divide 5215525?
False
Does 539 divide 3941090384?
True
Is 97 a factor of 1144186780?
True
Is 126191933 a multiple of 300?
False
Does 592 divide 13240673?
False
Is 18365656 a multiple of 6?
False
Is 8 a factor of 160014388?
False
Is 440597126 a multiple of 463?
False
Does 150 divide 77890200?
True
Is 191 a factor of 224588878?
True
Does 24 divide 62394847?
False
Is 50107724 a multiple of 515?
False
Does 2873 divide 95145141?
True
Does 2893 divide 40666901?
True
Does 933 divide 979546330?
False
Is 372 a factor of 326012988?
True
Is 232066890 a multiple of 15?
True
Is 80 a factor of 12142233?
False
Is 56432132 a multiple of 2867?
False
Is 11056066 a multiple of 4?
False
Is 8 a factor of 151772648?
True
Is 1395384545 a multiple of 1932?
False
Is 5733 a factor of 3696053634?
True
Does 3162 divide 76975728?
True
Is 15942960 a multiple of 297?
True
Is 1297 a factor of 24412134?
True
Is 1223784067 a multiple of 82?
False
Is 101 a factor of 8321632?
False
Does 164 divide 2146214372?
True
Is 47 a factor of 1218850530?
True
Is 2 a factor of 101231111?
False
Is 175 a factor of 87010394?
False
Is 3511 a factor of 179162819?
True
Is 6 a factor of 10533318?
True
Is 112267266 a multiple of 123?
True
Does 999 divide 2610388998?
True
Is 104044511 a multiple of 8?
False
Is 529236270 a multiple of 530?
True
Is 1145 a factor of 3620815435?
False
Is 615617575 a multiple of 9?
False
Does 13 divide 81718091?
True
Is 50939375 a multiple of 25?
True
Does 12 divide 95281059?
False
Is 1637 a factor of 99522155?
False
Does 483 divide 7429812?
False
Does 194 divide 300804111?
False
Does 153 divide 26140175?
False
Does 63 divide 989088849?
True
Is 43194207 a multiple of 777?
True
Is 102563315 a multiple of 1436?
False
Is 6 a factor of 42815392?
False
Does 513 divide 28307236?
False
Does 11 divide 183302350?
True
Is 368993709 a multiple of 7?
True
Is 7660695 a multiple of 35?
True
Does 56 divide 297965253?
False
Is 10013946 a multiple of 74?
False
Is 42638362 a multiple of 13?
True
Does 559 divide 31572879?
True
Is 22419758 a multiple of 839?
True
Is 403 a factor of 2620972965?
True
Is 12 a factor of 80693952?
True
Does 1108 divide 34810036?
True
Is 51758635 a multiple of 9?
False
Is 288 a factor of 12015389?
False
Does 602 divide 80169544?
True
Is 188 a factor of 22620724?
True
Is 118 a factor of 63829976?
True
Does 5 divide 11498960?
True
Is 24 a factor of 275428608?
True
Is 12 a factor of 295406436?
True
Is 14 a factor of 13294211?
False
Is 307 a factor of 662139519?
False
Is 456132412 a multiple of 23?
True
Does 26 divide 187001984?
True
Is 41970430 a multiple of 19?
True
Is 188546493 a multiple of 13?
False
Is 25 a factor of 1331887529?
False
Is 72943176 a multiple of 14?
False
Does 13 divide 198328975?
True
Is 36982158 a multiple of 673?
False
Does 16 divide 975947168?
True
Is 2646 a factor of 106461810?
True
Is 2 a factor of 3014910?
True
Is 1870850964 a multiple of 760?
False
Is 16 a factor of 99534528?
True
Is 21418635 a multiple of 245?
True
Is 1683 a factor of 1771753005?
True
Does 3795 divide 1994993550?
True
Is 66641242 a multiple of 89?
True
Is 350 a factor of 939032150?
True
Does 33 divide 29633988?
False
Does 57 divide 13520799?
True
Is 3 a factor of 37722588?
True
Is 4054869 a multiple of 4?
False
Does 31 divide 7696159?
False
Does 6 divide 161505568?
False
Is 410320482 a multiple of 22?
True
Does 427 divide 14686665?
True
Is 71818600 a multiple of 172?
True
Does 25 divide 5459920?
False
Is 41 a factor of 2623723291?
True
Is 622 a factor of 51022805?
False
Does 11 divide 25789528?
False
Is 1365105710 a multiple of 2617?
True
Is 159 a factor of 256072490?
False
Is 285 a factor of 22289280?
True
Is 16730734 a multiple of 332?
False
Is 61807737 a multiple of 7?
False
Is 69 a factor of 119032984?
False
Does 76 divide 1166495576?
True
Is 801 a factor of 110098313?
False
Does 123 divide 242167320?
True
Is 321 a factor of 48289314?
True
Is 49010416 a multiple of 91?
True
Is 57 a factor of 128910264?
False
Is 242360085 a multiple of 15?
True
Does 100 divide 37280389?
False
Is 284 a factor of 67631760?
True
Does 275 divide 1810875?
True
Is 66992272 a multiple of 428?
True
Does 705 divide 508625411?
False
Is 93 a factor of 30940877?
False
Does 434 divide 1631887740?
True
Does 1288 divide 147937104?
True
Does 216 divide 55825632?
True
Is 186621719 a multiple of 5?
False
Does 76 divide 861427396?
True
Does 1597 divide 17487293?
False
Is 162323896 a multiple of 5?
False
Is 30958193 a multiple of 1161?
False
Does 3023 divide 225833215?
True
Does 171 divide 2546226464?
False
Is 5421600 a multiple of 144?
True
Does 35 divide 239054550?
True
Does 4 divide 24047903?
False
Is 20 a factor of 70952240?
True
Does 301 divide 854133691?
False
Does 229 divide 61582976?
False
Does 20 divide 3181100?
True
Is 29 a factor of 2385368436?
True
Does 151 divide 172000325?
True
Is 265136112 a multiple of 12?
True
Is 547 a factor of 2908383543?
False
Is 20 a factor of 1720583792?
False
Is 4 a factor of 59434764?
True
Is 6822994 a multiple of 862?
False
Is 88 a factor of 273626056?
True
Is 75977837 a multiple of 93?
False
Is 40